{"id":208,"date":"2016-01-06T22:35:38","date_gmt":"2016-01-06T22:35:38","guid":{"rendered":"http:\/\/ecolejjmichel.be\/?page_id=208"},"modified":"2018-09-09T20:22:02","modified_gmt":"2018-09-09T19:22:02","slug":"calendrier-scolaire-vacances-et-conges","status":"publish","type":"page","link":"https:\/\/ecolejjmichel.be\/index.php\/informationspratiques\/calendrier-scolaire-vacances-et-conges\/","title":{"rendered":"Calendrier Scolaire &#8211; vacances et cong\u00e9s"},"content":{"rendered":"<h2>Calendrier Scolaire &#8211; Vacances et cong\u00e9s<\/h2>\n<table class=\"tbl_listing tbl_lll tbl_oddeven\">\n<thead>\n<tr>\n<th colspan=\"2\">Ann\u00e9e scolaire 2018-2019<\/th>\n<\/tr>\n<\/thead>\n<tbody>\n<tr>\n<td>Rentr\u00e9e scolaire<\/td>\n<td>lundi 3 septembre 2018<\/td>\n<\/tr>\n<tr>\n<td>F\u00eate de la Communaut\u00e9 fran\u00e7aise<\/td>\n<td>jeudi 27 septembre 2018<\/td>\n<\/tr>\n<tr>\n<td>Cong\u00e9 d&rsquo;automne (Toussaint)<\/td>\n<td>du lundi 29 octobre 2018 au vendredi 2 novembre 2018<\/td>\n<\/tr>\n<tr>\n<td>Vacances d&rsquo;hiver (No\u00ebl)<\/td>\n<td>du lundi 24 d\u00e9cembre 2018 au vendredi 4 janvier 2019<\/td>\n<\/tr>\n<tr>\n<td>Cong\u00e9 de d\u00e9tente (Carnaval)<\/td>\n<td>du lundi 04 mars 2019 au vendredi 8 mars 2019<\/td>\n<\/tr>\n<tr>\n<td>Vacances de printemps (P\u00e2ques)<\/td>\n<td>du lundi 08 avril 2019 au lundi 22 avril 2019<\/td>\n<\/tr>\n<tr>\n<td>F\u00eate du 1<sup>er<\/sup> mai<\/td>\n<td>mercredi 1<sup>er<\/sup> mai 2019<\/td>\n<\/tr>\n<tr>\n<td>Cong\u00e9 de l&rsquo;Ascension<\/td>\n<td>jeudi 30 mai 2019<\/td>\n<\/tr>\n<tr>\n<td>Lundi de Pentec\u00f4te<\/td>\n<td>lundi 10 juin 2019<\/td>\n<\/tr>\n<tr>\n<td>Les vacances d&rsquo;\u00e9t\u00e9 d\u00e9butent le<\/td>\n<td>lundi 1er juillet 2019<\/td>\n<\/tr>\n<\/tbody>\n<\/table>\n<p>&nbsp;<\/p>\n<p><a title=\"Calendrier Scolaire (officiel de la FWB)\" href=\"http:\/\/www.enseignement.be\/index.php?page=23953\" target=\"_blank\" rel=\"noopener noreferrer\">Lien vers le Calendrier Scolaire officiel de la F\u00e9d\u00e9ration Wallonie-Bruxelles<\/a><\/p>\n<p>&nbsp;<\/p>\n<p>&nbsp;<\/p>\n<p><strong><span style=\"text-decoration: underline;\">Ann\u00e9es pr\u00e9c\u00e9dentes :<\/span><\/strong><\/p>\n<table class=\"tbl_listing tbl_lll\">\n<thead>\n<tr>\n<th colspan=\"2\">Ann\u00e9e scolaire 2017-2018<\/th>\n<\/tr>\n<\/thead>\n<tbody>\n<tr>\n<td>Rentr\u00e9e scolaire<\/td>\n<td>vendredi 1<sup>er<\/sup> septembre 2017<\/td>\n<\/tr>\n<tr>\n<td>F\u00eate de la Communaut\u00e9 fran\u00e7aise<\/td>\n<td>mercredi 27 septembre 2017<\/td>\n<\/tr>\n<tr>\n<td>Cong\u00e9 d&rsquo;automne (Toussaint)<\/td>\n<td>du lundi 30 octobre 2017 au vendredi 3 novembre 2017<\/td>\n<\/tr>\n<tr>\n<td>Vacances d&rsquo;hiver (No\u00ebl)<\/td>\n<td>du lundi 25 d\u00e9cembre 2017 au vendredi 5 janvier 2018<\/td>\n<\/tr>\n<tr>\n<td>Cong\u00e9 de d\u00e9tente (Carnaval)<\/td>\n<td>du lundi 12 f\u00e9vrier 2018 au vendredi 16 f\u00e9vrier 2018<\/td>\n<\/tr>\n<tr>\n<td>Vacances de printemps (P\u00e2ques)<\/td>\n<td>du lundi 2 avril 2018 au vendredi 13 avril 2018<\/td>\n<\/tr>\n<tr>\n<td>F\u00eate du 1<sup>er<\/sup> mai<\/td>\n<td>mardi 1<sup>er<\/sup> mai 2018<\/td>\n<\/tr>\n<tr>\n<td>Cong\u00e9 de l&rsquo;Ascension<\/td>\n<td>jeudi 10 mai 2018<\/td>\n<\/tr>\n<tr>\n<td>Lundi de Pentec\u00f4te<\/td>\n<td>lundi 21 mai 2018<\/td>\n<\/tr>\n<tr>\n<td>Les vacances d&rsquo;\u00e9t\u00e9 d\u00e9butent le<\/td>\n<td>lundi 2 juillet 2018<\/td>\n<\/tr>\n<\/tbody>\n<\/table>\n<div id=\"page_body_content\">\n<table class=\"tbl_listing tbl_lll\">\n<thead>\n<tr>\n<th colspan=\"2\">Ann\u00e9e scolaire 2016-2017<\/th>\n<\/tr>\n<\/thead>\n<tbody>\n<tr>\n<td>Rentr\u00e9e scolaire<\/td>\n<td>jeudi 1<sup>er<\/sup> septembre 2016<\/td>\n<\/tr>\n<tr>\n<td>F\u00eate de la Communaut\u00e9 fran\u00e7aise<\/td>\n<td>mardi 27 septembre 2016<\/td>\n<\/tr>\n<tr>\n<td>Cong\u00e9 d&rsquo;automne (Toussaint)<\/td>\n<td>du lundi 31 octobre 2016 au vendredi 4 novembre 2016<\/td>\n<\/tr>\n<tr>\n<td>Comm\u00e9moration du 11 novembre<\/td>\n<td>vendredi 11 novembre 2016<\/td>\n<\/tr>\n<tr>\n<td>Vacances d&rsquo;hiver (No\u00ebl)<\/td>\n<td>du lundi 26 d\u00e9cembre 2016 au vendredi 6 janvier 2017<\/td>\n<\/tr>\n<tr>\n<td>Cong\u00e9 de d\u00e9tente (Carnaval)<\/td>\n<td>du lundi 27 f\u00e9vrier 2017 au vendredi 3 mars 2017<\/td>\n<\/tr>\n<tr>\n<td>Vacances de printemps (P\u00e2ques)<\/td>\n<td>du lundi 3 avril 2017 au vendredi 14 avril 2017<\/td>\n<\/tr>\n<tr>\n<td>Lundi de P\u00e2ques<\/td>\n<td>lundi 17 avril 2017<\/td>\n<\/tr>\n<tr>\n<td>F\u00eate du 1<sup>er<\/sup> mai<\/td>\n<td>lundi 1<sup>er<\/sup> mai 2017<\/td>\n<\/tr>\n<tr>\n<td>Cong\u00e9 de l&rsquo;Ascension<\/td>\n<td>jeudi 25 mai 2017<\/td>\n<\/tr>\n<tr>\n<td>Lundi de Pentec\u00f4te<\/td>\n<td>lundi 5 juin 2017<\/td>\n<\/tr>\n<tr>\n<td>Les vacances d&rsquo;\u00e9t\u00e9 d\u00e9butent le<\/td>\n<td>1<sup>er<\/sup> juillet 2017<\/td>\n<\/tr>\n<\/tbody>\n<\/table>\n<\/div>\n<table class=\"mceItemTable\">\n<thead>\n<tr>\n<th colspan=\"2\">Ann\u00e9e scolaire 2015-2016<\/th>\n<\/tr>\n<\/thead>\n<tbody>\n<tr>\n<td>Rentr\u00e9e scolaire<\/td>\n<td>mardi 1<sup>er<\/sup> septembre 2015<\/td>\n<\/tr>\n<tr>\n<td>Cong\u00e9 d&rsquo;automne (Toussaint)<\/td>\n<td>du lundi 2 novembre au vendredi 6 novembre 2015<\/td>\n<\/tr>\n<tr>\n<td>Comm\u00e9moration du 11 novembre<\/td>\n<td>mercredi 11 novembre 2015<\/td>\n<\/tr>\n<tr>\n<td>Vacances d&rsquo;hiver (No\u00ebl)<\/td>\n<td>du lundi 21 d\u00e9cembre 2015 au vendredi 1<sup>er<\/sup> janvier 2016<\/td>\n<\/tr>\n<tr>\n<td>Cong\u00e9 de d\u00e9tente (Carnaval)<\/td>\n<td>du lundi 8 f\u00e9vrier au vendredi 12 f\u00e9vrier 2016<\/td>\n<\/tr>\n<tr>\n<td>Vacances de printemps (P\u00e2ques)<\/td>\n<td>du lundi 28 mars au vendredi 8 avril 2016<\/td>\n<\/tr>\n<tr>\n<td>Cong\u00e9<\/td>\n<td>mercredi 4 mai 2016<\/td>\n<\/tr>\n<tr>\n<td>Cong\u00e9 de l&rsquo;Ascension<\/td>\n<td>jeudi 5 mai 2016<\/td>\n<\/tr>\n<tr>\n<td>Cong\u00e9<\/td>\n<td>vendredi 6 mai 2016<\/td>\n<\/tr>\n<tr>\n<td>Lundi de Pentec\u00f4te<\/td>\n<td>lundi 16 mai 2016<\/td>\n<\/tr>\n<tr>\n<td>Les vacances d&rsquo;\u00e9t\u00e9 d\u00e9butent le<\/td>\n<td>1<sup>er<\/sup> juillet 2016<\/td>\n<\/tr>\n<\/tbody>\n<\/table>\n<address>\u00a0<\/address>\n<address>\u00a0<\/address>\n<address>\u00a0<\/address>\n","protected":false},"excerpt":{"rendered":"<p>Calendrier Scolaire &#8211; Vacances et cong\u00e9s Ann\u00e9e scolaire 2018-2019 Rentr\u00e9e scolaire lundi 3 septembre 2018 F\u00eate de la Communaut\u00e9 fran\u00e7aise jeudi 27 septembre 2018 Cong\u00e9 d&rsquo;automne (Toussaint) du lundi 29 octobre 2018 au vendredi 2 novembre 2018 Vacances d&rsquo;hiver (No\u00ebl)<span class=\"ellipsis\">&hellip;<\/span><\/p>\n<div class=\"read-more\"><a href=\"https:\/\/ecolejjmichel.be\/index.php\/informationspratiques\/calendrier-scolaire-vacances-et-conges\/\">Lire la suite <span class=\"screen-reader-text\">Calendrier Scolaire &#8211; vacances et cong\u00e9s<\/span><span class=\"meta-nav\"> &#8250;<\/span><\/a><\/div>\n<p><!-- end of .read-more --><\/p>\n","protected":false},"author":1,"featured_media":0,"parent":4,"menu_order":0,"comment_status":"closed","ping_status":"closed","template":"","meta":[],"_links":{"self":[{"href":"https:\/\/ecolejjmichel.be\/index.php\/wp-json\/wp\/v2\/pages\/208"}],"collection":[{"href":"https:\/\/ecolejjmichel.be\/index.php\/wp-json\/wp\/v2\/pages"}],"about":[{"href":"https:\/\/ecolejjmichel.be\/index.php\/wp-json\/wp\/v2\/types\/page"}],"author":[{"embeddable":true,"href":"https:\/\/ecolejjmichel.be\/index.php\/wp-json\/wp\/v2\/users\/1"}],"replies":[{"embeddable":true,"href":"https:\/\/ecolejjmichel.be\/index.php\/wp-json\/wp\/v2\/comments?post=208"}],"version-history":[{"count":6,"href":"https:\/\/ecolejjmichel.be\/index.php\/wp-json\/wp\/v2\/pages\/208\/revisions"}],"predecessor-version":[{"id":2795,"href":"https:\/\/ecolejjmichel.be\/index.php\/wp-json\/wp\/v2\/pages\/208\/revisions\/2795"}],"up":[{"embeddable":true,"href":"https:\/\/ecolejjmichel.be\/index.php\/wp-json\/wp\/v2\/pages\/4"}],"wp:attachment":[{"href":"https:\/\/ecolejjmichel.be\/index.php\/wp-json\/wp\/v2\/media?parent=208"}],"curies":[{"name":"wp","href":"https:\/\/api.w.org\/{rel}","templated":true}]}}

Calendrier Scolaire &#8211; vacances et congés

<h2>Calendrier Scolaire &#8211; Vacances et congés</h2>
<table class="tbl_listing tbl_lll tbl_oddeven">
<thead>
<tr>
<th colspan="2">Année scolaire 2018-2019</th>
</tr>
</thead>
<tbody>
<tr>
<td>Rentrée scolaire</td>
<td>lundi 3 septembre 2018</td>
</tr>
<tr>
<td>Fête de la Communauté française</td>
<td>jeudi 27 septembre 2018</td>
</tr>
<tr>
<td>Congé d&rsquo;automne (Toussaint)</td>
<td>du lundi 29 octobre 2018 au vendredi 2 novembre 2018</td>
</tr>
<tr>
<td>Vacances d&rsquo;hiver (Noël)</td>
<td>du lundi 24 décembre 2018 au vendredi 4 janvier 2019</td>
</tr>
<tr>
<td>Congé de détente (Carnaval)</td>
<td>du lundi 04 mars 2019 au vendredi 8 mars 2019</td>
</tr>
<tr>
<td>Vacances de printemps (Pâques)</td>
<td>du lundi 08 avril 2019 au lundi 22 avril 2019</td>
</tr>
<tr>
<td>Fête du 1<sup>er</sup> mai</td>
<td>mercredi 1<sup>er</sup> mai 2019</td>
</tr>
<tr>
<td>Congé de l&rsquo;Ascension</td>
<td>jeudi 30 mai 2019</td>
</tr>
<tr>
<td>Lundi de Pentecôte</td>
<td>lundi 10 juin 2019</td>
</tr>
<tr>
<td>Les vacances d&rsquo;été débutent le</td>
<td>lundi 1er juillet 2019</td>
</tr>
</tbody>
</table>
<p>&nbsp;</p>
<p><a title="Calendrier Scolaire (officiel de la FWB)" href="http://www.enseignement.be/index.php?page=23953" target="_blank" rel="noopener noreferrer">Lien vers le Calendrier Scolaire officiel de la Fédération Wallonie-Bruxelles</a></p>
<p>&nbsp;</p>
<p>&nbsp;</p>
<p><strong><span style="text-decoration: underline;">Années précédentes :</span></strong></p>
<table class="tbl_listing tbl_lll">
<thead>
<tr>
<th colspan="2">Année scolaire 2017-2018</th>
</tr>
</thead>
<tbody>
<tr>
<td>Rentrée scolaire</td>
<td>vendredi 1<sup>er</sup> septembre 2017</td>
</tr>
<tr>
<td>Fête de la Communauté française</td>
<td>mercredi 27 septembre 2017</td>
</tr>
<tr>
<td>Congé d&rsquo;automne (Toussaint)</td>
<td>du lundi 30 octobre 2017 au vendredi 3 novembre 2017</td>
</tr>
<tr>
<td>Vacances d&rsquo;hiver (Noël)</td>
<td>du lundi 25 décembre 2017 au vendredi 5 janvier 2018</td>
</tr>
<tr>
<td>Congé de détente (Carnaval)</td>
<td>du lundi 12 février 2018 au vendredi 16 février 2018</td>
</tr>
<tr>
<td>Vacances de printemps (Pâques)</td>
<td>du lundi 2 avril 2018 au vendredi 13 avril 2018</td>
</tr>
<tr>
<td>Fête du 1<sup>er</sup> mai</td>
<td>mardi 1<sup>er</sup> mai 2018</td>
</tr>
<tr>
<td>Congé de l&rsquo;Ascension</td>
<td>jeudi 10 mai 2018</td>
</tr>
<tr>
<td>Lundi de Pentecôte</td>
<td>lundi 21 mai 2018</td>
</tr>
<tr>
<td>Les vacances d&rsquo;été débutent le</td>
<td>lundi 2 juillet 2018</td>
</tr>
</tbody>
</table>
<div id="page_body_content">
<table class="tbl_listing tbl_lll">
<thead>
<tr>
<th colspan="2">Année scolaire 2016-2017</th>
</tr>
</thead>
<tbody>
<tr>
<td>Rentrée scolaire</td>
<td>jeudi 1<sup>er</sup> septembre 2016</td>
</tr>
<tr>
<td>Fête de la Communauté française</td>
<td>mardi 27 septembre 2016</td>
</tr>
<tr>
<td>Congé d&rsquo;automne (Toussaint)</td>
<td>du lundi 31 octobre 2016 au vendredi 4 novembre 2016</td>
</tr>
<tr>
<td>Commémoration du 11 novembre</td>
<td>vendredi 11 novembre 2016</td>
</tr>
<tr>
<td>Vacances d&rsquo;hiver (Noël)</td>
<td>du lundi 26 décembre 2016 au vendredi 6 janvier 2017</td>
</tr>
<tr>
<td>Congé de détente (Carnaval)</td>
<td>du lundi 27 février 2017 au vendredi 3 mars 2017</td>
</tr>
<tr>
<td>Vacances de printemps (Pâques)</td>
<td>du lundi 3 avril 2017 au vendredi 14 avril 2017</td>
</tr>
<tr>
<td>Lundi de Pâques</td>
<td>lundi 17 avril 2017</td>
</tr>
<tr>
<td>Fête du 1<sup>er</sup> mai</td>
<td>lundi 1<sup>er</sup> mai 2017</td>
</tr>
<tr>
<td>Congé de l&rsquo;Ascension</td>
<td>jeudi 25 mai 2017</td>
</tr>
<tr>
<td>Lundi de Pentecôte</td>
<td>lundi 5 juin 2017</td>
</tr>
<tr>
<td>Les vacances d&rsquo;été débutent le</td>
<td>1<sup>er</sup> juillet 2017</td>
</tr>
</tbody>
</table>
</div>
<table class="mceItemTable">
<thead>
<tr>
<th colspan="2">Année scolaire 2015-2016</th>
</tr>
</thead>
<tbody>
<tr>
<td>Rentrée scolaire</td>
<td>mardi 1<sup>er</sup> septembre 2015</td>
</tr>
<tr>
<td>Congé d&rsquo;automne (Toussaint)</td>
<td>du lundi 2 novembre au vendredi 6 novembre 2015</td>
</tr>
<tr>
<td>Commémoration du 11 novembre</td>
<td>mercredi 11 novembre 2015</td>
</tr>
<tr>
<td>Vacances d&rsquo;hiver (Noël)</td>
<td>du lundi 21 décembre 2015 au vendredi 1<sup>er</sup> janvier 2016</td>
</tr>
<tr>
<td>Congé de détente (Carnaval)</td>
<td>du lundi 8 février au vendredi 12 février 2016</td>
</tr>
<tr>
<td>Vacances de printemps (Pâques)</td>
<td>du lundi 28 mars au vendredi 8 avril 2016</td>
</tr>
<tr>
<td>Congé</td>
<td>mercredi 4 mai 2016</td>
</tr>
<tr>
<td>Congé de l&rsquo;Ascension</td>
<td>jeudi 5 mai 2016</td>
</tr>
<tr>
<td>Congé</td>
<td>vendredi 6 mai 2016</td>
</tr>
<tr>
<td>Lundi de Pentecôte</td>
<td>lundi 16 mai 2016</td>
</tr>
<tr>
<td>Les vacances d&rsquo;été débutent le</td>
<td>1<sup>er</sup> juillet 2016</td>
</tr>
</tbody>
</table>
<address> </address>
<address> </address>
<address> </address>

<p>Calendrier Scolaire &#8211; Vacances et congés Année scolaire 2018-2019 Rentrée scolaire lundi 3 septembre 2018 Fête de la Communauté française jeudi 27 septembre 2018 Congé d&rsquo;automne (Toussaint) du lundi 29 octobre 2018 au vendredi 2 novembre 2018 Vacances d&rsquo;hiver (Noël)<span class="ellipsis">&hellip;</span></p>
<div class="read-more"><a href="https://ecolejjmichel.be/index.php/informationspratiques/calendrier-scolaire-vacances-et-conges/">Lire la suite <span class="screen-reader-text">Calendrier Scolaire &#8211; vacances et congés</span><span class="meta-nav"> &#8250;</span></a></div>
<p><!-- end of .read-more --></p>
