{"id":2677,"date":"2018-03-25T22:24:42","date_gmt":"2018-03-25T21:24:42","guid":{"rendered":"http:\/\/ecolejjmichel.be\/?page_id=2677"},"modified":"2018-03-25T22:28:41","modified_gmt":"2018-03-25T21:28:41","slug":"annee-scolaire-2017-2018","status":"publish","type":"page","link":"https:\/\/ecolejjmichel.be\/index.php\/annee-scolaire-2017-2018\/","title":{"rendered":"Ann\u00e9e Scolaire 2017-2018"},"content":{"rendered":"<p>Vous trouverez dans ces sous-menus toutes les articles publi\u00e9es au sujet des diff\u00e9rentes classes et niveaux de l&rsquo;\u00e9cole qui concernent l&rsquo;ann\u00e9e scolaire 2017-2018<\/p>\n","protected":false},"excerpt":{"rendered":"<p>Vous trouverez dans ces sous-menus toutes les articles publi\u00e9es au sujet des diff\u00e9rentes classes et niveaux de l&rsquo;\u00e9cole qui concernent l&rsquo;ann\u00e9e scolaire 2017-2018<\/p>\n","protected":false},"author":1,"featured_media":0,"parent":0,"menu_order":0,"comment_status":"closed","ping_status":"closed","template":"","meta":[],"_links":{"self":[{"href":"https:\/\/ecolejjmichel.be\/index.php\/wp-json\/wp\/v2\/pages\/2677"}],"collection":[{"href":"https:\/\/ecolejjmichel.be\/index.php\/wp-json\/wp\/v2\/pages"}],"about":[{"href":"https:\/\/ecolejjmichel.be\/index.php\/wp-json\/wp\/v2\/types\/page"}],"author":[{"embeddable":true,"href":"https:\/\/ecolejjmichel.be\/index.php\/wp-json\/wp\/v2\/users\/1"}],"replies":[{"embeddable":true,"href":"https:\/\/ecolejjmichel.be\/index.php\/wp-json\/wp\/v2\/comments?post=2677"}],"version-history":[{"count":2,"href":"https:\/\/ecolejjmichel.be\/index.php\/wp-json\/wp\/v2\/pages\/2677\/revisions"}],"predecessor-version":[{"id":2679,"href":"https:\/\/ecolejjmichel.be\/index.php\/wp-json\/wp\/v2\/pages\/2677\/revisions\/2679"}],"wp:attachment":[{"href":"https:\/\/ecolejjmichel.be\/index.php\/wp-json\/wp\/v2\/media?parent=2677"}],"curies":[{"name":"wp","href":"https:\/\/api.w.org\/{rel}","templated":true}]}}