{"id":345,"date":"2016-01-08T12:36:54","date_gmt":"2016-01-08T12:36:54","guid":{"rendered":"http:\/\/ecolejjmichel.be\/?page_id=345"},"modified":"2016-02-26T12:55:27","modified_gmt":"2016-02-26T11:55:27","slug":"liens-utiles","status":"publish","type":"page","link":"https:\/\/ecolejjmichel.be\/index.php\/informationspratiques\/liens-utiles\/","title":{"rendered":"Liens utiles"},"content":{"rendered":"<h3>Voici une s\u00e9rie de liens utiles :<\/h3>\n<ul>\n<li style=\"padding-left: 30px;\"><a href=\"http:\/\/www.stgilles.irisnet.be\/fr\/\" target=\"_blank\">Commune de Saint-Gilles : http:\/\/www.stgilles.irisnet.be\/fr\/<\/a><\/li>\n<li style=\"padding-left: 30px;\"><a href=\"http:\/\/www.enseignement.be\/\" target=\"_blank\">Site Enseignement de la F\u00e9d\u00e9ration Wallonie-Bruxelles : http:\/\/www.enseignement.be\/<\/a><\/li>\n<li style=\"padding-left: 30px;\">blog du SIEP : <a href=\"http:\/\/blog.siep.be\/\" target=\"_blank\">http:\/\/blog.siep.be\/<\/a> et en particulier son outil de g\u00e9olocalisation des \u00e9cole secondaires : <a href=\"http:\/\/blog.siep.be\/2016\/01\/journees-portes-ouvertes-des-ecoles-secondaires-bruxelles-et-brabant-wallon\/\" target=\"_blank\">http:\/\/blog.siep.be\/2016\/01\/journees-portes-ouvertes-des-ecoles-secondaires-bruxelles-et-brabant-wallon\/<\/a><\/li>\n<li style=\"padding-left: 30px;\">Le lien vers la page de l&rsquo;inventaire du patrimoine architectural de la R\u00e9gion de Bruxelles-Capitale qui d\u00e9crit le b\u00e2timent qui abrite notre \u00e9cole : <a href=\"http:\/\/www.irismonument.be\/fr.Saint-Gilles.Rue_de_Bordeaux.14.html\" target=\"_blank\"> http:\/\/www.irismonument.be\/fr.Saint-Gilles.Rue_de_Bordeaux.14.html <\/a><\/li>\n<\/ul>\n","protected":false},"excerpt":{"rendered":"<p>Voici une s\u00e9rie de liens utiles : Commune de Saint-Gilles : http:\/\/www.stgilles.irisnet.be\/fr\/ Site Enseignement de la F\u00e9d\u00e9ration Wallonie-Bruxelles : http:\/\/www.enseignement.be\/ blog du SIEP : http:\/\/blog.siep.be\/ et en particulier son outil de g\u00e9olocalisation des \u00e9cole secondaires : http:\/\/blog.siep.be\/2016\/01\/journees-portes-ouvertes-des-ecoles-secondaires-bruxelles-et-brabant-wallon\/ Le lien vers<span class=\"ellipsis\">&hellip;<\/span><\/p>\n<div class=\"read-more\"><a href=\"https:\/\/ecolejjmichel.be\/index.php\/informationspratiques\/liens-utiles\/\">Lire la suite <span class=\"screen-reader-text\">Liens utiles<\/span><span class=\"meta-nav\"> &#8250;<\/span><\/a><\/div>\n<p><!-- end of .read-more --><\/p>\n","protected":false},"author":1,"featured_media":0,"parent":4,"menu_order":0,"comment_status":"closed","ping_status":"closed","template":"","meta":[],"_links":{"self":[{"href":"https:\/\/ecolejjmichel.be\/index.php\/wp-json\/wp\/v2\/pages\/345"}],"collection":[{"href":"https:\/\/ecolejjmichel.be\/index.php\/wp-json\/wp\/v2\/pages"}],"about":[{"href":"https:\/\/ecolejjmichel.be\/index.php\/wp-json\/wp\/v2\/types\/page"}],"author":[{"embeddable":true,"href":"https:\/\/ecolejjmichel.be\/index.php\/wp-json\/wp\/v2\/users\/1"}],"replies":[{"embeddable":true,"href":"https:\/\/ecolejjmichel.be\/index.php\/wp-json\/wp\/v2\/comments?post=345"}],"version-history":[{"count":5,"href":"https:\/\/ecolejjmichel.be\/index.php\/wp-json\/wp\/v2\/pages\/345\/revisions"}],"predecessor-version":[{"id":779,"href":"https:\/\/ecolejjmichel.be\/index.php\/wp-json\/wp\/v2\/pages\/345\/revisions\/779"}],"up":[{"embeddable":true,"href":"https:\/\/ecolejjmichel.be\/index.php\/wp-json\/wp\/v2\/pages\/4"}],"wp:attachment":[{"href":"https:\/\/ecolejjmichel.be\/index.php\/wp-json\/wp\/v2\/media?parent=345"}],"curies":[{"name":"wp","href":"https:\/\/api.w.org\/{rel}","templated":true}]}}